of 481?
1
What is the units digit of 650?
0
What is the hundreds digit of 119863?
8
What is the tens digit of 1702?
0
What is the units digit of 999?
9
What is the ten thousands digit of 24507?
2
What is the units digit of 64?
4
What is the hundreds digit of 76262?
2
What is the hundreds digit of 5344?
3
What is the tens digit of 12?
1
What is the units digit of 16314?
4
What is the tens digit of 8215?
1
What is the hundreds digit of 1056?
0
What is the thousands digit of 1159?
1
What is the tens digit of 483?
8
What is the units digit of 1517?
7
What is the thousands digit of 6016?
6
What is the hundreds digit of 8075?
0
What is the tens digit of 90?
9
What is the units digit of 17928?
8
What is the hundreds digit of 4704?
7
What is the hundreds digit of 3102?
1
What is the units digit of 11061?
1
What is the hundreds digit of 16161?
1
What is the thousands digit of 116822?
6
What is the tens digit of 529?
2
What is the thousands digit of 56299?
6
What is the hundreds digit of 57459?
4
What is the thousands digit of 33806?
3
What is the units digit of 9886?
6
What is the units digit of 847?
7
What is the hundreds digit of 639?
6
What is the hundreds digit of 1110?
1
What is the units digit of 305?
5
What is the units digit of 740?
0
What is the units digit of 33366?
6
What is the thousands digit of 1878?
1
What is the ten thousands digit of 10287?
1
What is the hundreds digit of 90060?
0
What is the units digit of 13981?
1
What is the units digit of 6962?
2
What is the thousands digit of 11415?
1
What is the tens digit of 114?
1
What is the units digit of 16499?
9
What is the units digit of 7375?
5
What is the tens digit of 101622?
2
What is the units digit of 4044?
4
What is the hundreds digit of 3791?
7
What is the hundreds digit of 2008?
0
What is the units digit of 1803?
3
What is the tens digit of 2488?
8
What is the hundreds digit of 19528?
5
What is the hundreds digit of 503?
5
What is the hundreds digit of 31153?
1
What is the tens digit of 8370?
7
What is the tens digit of 2777?
7
What is the tens digit of 93663?
6
What is the ten thousands digit of 12078?
1
What is the tens digit of 2727?
2
What is the tens digit of 9216?
1
What is the tens digit of 6519?
1
What is the hundreds digit of 20373?
3
What is the hundreds digit of 1381?
3
What is the thousands digit of 4997?
4
What is the thousands digit of 32343?
2
What is the thousands digit of 4857?
4
What is the thousands digit of 1566?
1
What is the thousands digit of 6400?
6
What is the thousands digit of 33791?
3
What is the thousands digit of 3507?
3
What is the thousands digit of 5294?
5
What is the units digit of 62123?
3
What is the hundreds digit of 3173?
1
What is the hundreds digit of 72927?
9
What is the hundreds digit of 175?
1
What is the tens digit of 6696?
9
What is the units digit of 157716?
6
What is the units digit of 12960?
0
What is the ten thousands digit of 19374?
1
What is the thousands digit of 3234?
3
What is the tens digit of 1188?
8
What is the units digit of 2001?
1
What is the tens digit of 672?
7
What is the hundreds digit of 999?
9
What is the ten thousands digit of 73251?
7
What is the thousands digit of 7127?
7
What is the tens digit of 79460?
6
What is the units digit of 183?
3
What is the thousands digit of 21773?
1
What is the thousands digit of 47282?
7
What is the hundreds digit of 1084?
0
What is the hundreds digit of 2077?
0
What is the hundreds digit of 1038?
0
What is the tens digit of 118019?
1
What is the hundreds digit of 3201?
2
What is the tens digit of 32694?
9
What is the thousands digit of 2950?
2
What is the tens digit of 29?
2
What is the thousands digit of 1109?
1
What is the ten thousands digit of 11866?
1
What is the tens digit of 996?
9
What is the thousands digit of 2294?
2
What is the units digit of 711?
1
What is the units digit of 31997?
7
What is the units digit of 1035?
5
What is the units digit of 3827?
7
What is the thousands digit of 20733?
0
What is the thousands digit of 2427?
2
What is the tens digit of 23215?
1
What is the hundreds digit of 662?
6
What is the ten thousands digit of 17158?
1
What is the hundreds digit of 48634?
6
What is the tens digit of 64?
6
What is the tens digit of 7413?
1
What is the thousands digit of 8830?
8
What is the tens digit of 3875?
7
What is the ten thousands digit of 88707?
8
What is the thousands digit of 1586?
1
What is the tens digit of 12771?
7
What is the tens digit of 318?
1
What is the thousands digit of 9684?
9
What is the thousands digit of 4215?
4
What is the thousands digit of 1749?
1
What is the thousands digit of 1074?
1
What is the hundreds digit of 83421?
4
What is the hundreds digit of 2606?
6
What is the hundreds digit of 8100?
1
What is the thousands digit of 42590?
2
What is the tens digit of 47966?
6
What is the hundreds digit of 555?
5
What is the hundreds digit of 7300?
3
What is the units digit of 27969?
9
What is the tens digit of 4396?
9
What is the units digit of 2910?
0
What is the hundreds digit of 3726?
7
What is the thousands digit of 1063?
1
What is the tens digit of 8940?
4
What is the units digit of 3817?
7
What is the thousands digit of 14620?
4
What is the hundreds digit of 586?
5
What is the units digit of 471?
1
What is the units digit of 9142?
2
What is the thousands digit of 3517?
3
What is the thousands digit of 15659?
5
What is the units digit of 403?
3
What is the hundreds digit of 24008?
0
What is the hundreds digit of 67037?
0
What is the tens digit of 2102?
0
What is the thousands digit of 52409?
2
What is the tens digit of 1948?
4
What is the units digit of 1395?
5
What is the hundred thousands digit of 115292?
1
What is the tens digit of 1092?
9
What is the units digit of 684?
4
What is the thousands digit of 169344?
9
What is the ten thousands digit of 40608?
4
What is the tens digit of 6254?
5
What is the hundreds digit of 501?
5
What is the hundreds digit of 39291?
2
What is the units digit of 11470?
0
What is the hundreds digit of 28713?
7
What is the thousands digit of 77220?
7
What is the units digit of 59959?
9
What is the tens digit of 8681?
8
What is the thousands digit of 1146?
1
What is the tens digit of 75319?
1
What is the units digit of 14078?
8
What is the thousands digit of 3174?
3
What is the units digit of 54891?
1
What is the tens digit of 4263?
6
What is the hundreds digit of 1988?
9
What is the tens digit of 25856?
5
What is the ten thousands digit of 33295?
3
What is the hundreds digit of 40155?
1
What is the hundreds digit of 1401?
4
What is the units digit of 71?
1
What is the units digit of 839?
9
What is the hundred thousands digit of 119518?
1
What is the tens digit of 13442?
4
What is the hundreds digit of 786?
7
What is the units digit of 4728?
8
What is the units digit of 834?
4
What is the ten thousands digit of 30289?
3
What is the hundreds digit of 1071?
0
What is the hundreds digit of 4480?
4
What is the units digit of 8142?
2
What is the units digit of 37856?
6
What is the units digit of 475?
5
What is the thousands digit of 6143?
6
What is the units digit of 76134?
4
What is the tens digit of 1250?
5
What is the hundreds digit of 5857?
8
What is the hundreds digit of 197?
1
What is the thousands digit of 71807?
1
What is the units digit of 25?
5
What is the units digit of 38654?
4
What is the hundreds digit of 5356?
3
What is the units digit of 1623?
3
What is the tens digit of 490?
9
What is the tens digit of 5184?
8
What is the thousands digit of 29085?
9
What is the thousands digit of 3534?
3
What is the hundreds digit of 3202?
2
What is the units digit of 448?
8
What is the units digit of 379?
9
What is the hundreds digit of 7646?
6
What is the units digit of 20812?
2
What is the hundred thousands digit of 146604?
1
What is the thousands digit of 21832?
1
What is the units digit of 5964?
4
What is the thousands digit of 2143?
2
What is the thousands digit of 3297?
3
What is the hundreds digit of 2312?
3
What is the tens digit of 113395?
9
What is the tens digit of 42913?
1
What is the hundreds digit of 831?
8
What is the hundreds digit of 2059?
0
What is the thousands digit of 1190?
1
What is the hundreds digit of 28736?
7
What is the hundreds digit of 891?
8
What is the ten thousands digit of 